2 - 8*v - 5. Let b be o(-8). Let p be (-8)/(-10)*(-20)/8 + 43. Let y(c) = -c - p + 20 + 22. What is y(b)?
6
Let u be -36*(4/(-3) - -1). Suppose -5*c - 3*z + u = 0, 5*c - 3*z = -z + 17. Let r(l) = 6*l - 8 + 3 + 18 + l**c - 7*l. Determine r(0).
13
Let k(x) = 4*x - 3. Let o = 5 - 5. Let y(s) = s + 2. Let v be y(o). Suppose -2*f + v = -4. Determine k(f).
9
Let y(o) = -o**3 + 3*o**2. Suppose w - 2*n = -2*w - 11, -4*n + 16 = 0. Let m be (-9)/(-6)*((w - -3) + 0). Give y(m).
0
Let a(s) = -2*s**2 - 6*s + 6. Let d be (-8)/(-6) + (-38)/6. Calculate a(d).
-14
Let n be (-3 + 5)/(1/3). Suppose -7*b + 5*b + n = 0. Suppose 0*o + 6 = -3*o + 3*d, 21 = -b*o - 2*d. Let i(g) = -g**3 - 6*g**2 - 7*g - 6. Determine i(o).
4
Suppose -12*z - 148 = -49*z. Let k(f) = -4*f + 7. Give k(z).
-9
Let p(g) = -g**2 - 9*g + 25. Suppose 4*u + 5*n = -59, -u + 2*n - 7 + 2 = 0. Give p(u).
3
Let b(o) = -o**3 + 39. Suppose -383*p = -386*p. What is b(p)?
39
Suppose -l - f = -2*l - 15, 20 = -l + 2*f. Let g = -7 - l. Let d be g + 1 + -3 + -2. Let b(k) = 5*k**3 + k + 1. Calculate b(d).
-5
Let i(c) be the third derivative of c**4/8 + 17*c**3/6 + 361*c**2. Determine i(-4).
5
Let q(s) be the second derivative of -s**5/20 + s**4/3 - s**3/2 + s**2 + s. Let t(k) = 4*k + 64. Let g be t(-15). What is q(g)?
-10
Suppose -h = -2*t - 1, -3*h + t + t + 3 = 0. Suppose -h - 3 = w. Let v(d) be the first derivative of d**4/4 + 5*d**3/3 + 2*d**2 + 3*d + 44. Give v(w).
3
Suppose -224 = p + 91. Let c be (p/13)/(-5) - (-2)/13. Let a(q) = -q**2 + 4*q + 4. Determine a(c).
-1
Let k(j) = -2*j**3 - 10*j**2 + 18*j + 55. Let n be k(-6). Let r(x) = -4*x + 61. Give r(n).
-15
Let c(w) = w**3 - w - 7. Suppose -23 = 2*b - 23. Determine c(b).
-7
Let i(q) = -q**2 + 6*q - 3. Let k be (-1 - -5) + 1 + -3. Give i(k).
5
Let q(p) = -p**3 + p + 2. Let u(a) = -a**3 - 5*a**2 + 9*a + 54. Let v be u(-4). Give q(v).
-4
Let w(u) be the first derivative of -u**4/4 - 5*u**3/3 - u**2 - 4*u - 1. Let c be 34/(-4) + 5/(-10). Let k = c + 5. Give w(k).
-12
Let n be 2/(7/5 - 1). Suppose 0 = 5*z - n*i + 35, 0*i + 10 = 2*z + 4*i. Let p(x) = -4*x**2 - x - 1. Let f(d) = -d**2 + 1. Let r(u) = z*f(u) + p(u). Give r(0).
-4
Let z(c) = -7*c - 2*c + 7*c + 7*c + 20*c - 1. What is z(1)?
24
Suppose 0 = 8*h - 6*h + 30. Let s = h + 29. Let y(d) = s*d - 10*d + 2*d + d**2 - 7. Determine y(-6).
-7
Let j be ((-4)/(-6))/((-51)/459). Let w(d) = d**3 + 5*d**2 - 5*d - 5. What is w(j)?
-11
Let f(j) = -j - 2. Let x be f(-3). Let b = 5 - x. Let p(y) be the third derivative of -y**4/12 - y**3/2 + 1237*y**2. Determine p(b).
-11
Let z(m) = -21 + 2*m + 3*m**2 - 4*m**2 - 4*m**2 + m**3 + 16 + m**2. What is z(4)?
3
Let r(t) be the second derivative of t**3/6 + t**2/2 + t. Suppose 28*w - 122 = -10. Calculate r(w).
5
Suppose 35 = -2*b + 41. Let p(z) = 3*z + z**3 + 2 - z**3 - 7*z**b - 4*z**2 + 6*z**3. Determine p(-4).
-10
Let a = 1696 - 1693. Let y(c) be the second derivative of 0 + 1/2*c**2 + 1/2*c**a + 3*c. Calculate y(-4).
-11
Let p(t) = -t**3 + 2*t**2 + 2*t + 2. Let n(m) = -3*m**2 + 54*m + 3. Let u be n(18). What is p(u)?
-1
Let u = 81 + -76. Let k(q) = 1. Let l(a) = 3*a**2 - 6*a + 0*a + a**3 - 7*a**2. Let o(p) = 5*k(p) + l(p). Give o(u).
0
Let z(b) = -b**2 + 7 - 25 + 5 + 2 + 6. Suppose 0 = -r - 3*r. Determine z(r).
-5
Let n(y) = y**3 - 4*y**2 - y + 2. Let c(p) = -3*p + 12. Let l be c(18). Let b be l/(-12)*8/7. Calculate n(b).
-2
Let g(z) = -2*z + 16. Let q = -380 + 391. Give g(q).
-6
Suppose -2*w + a + 1 = -7*w, w - 4 = 4*a. Let b(g) be the third derivative of g**6/120 + g**4/24 + 7*g**3/6 - 6*g**2. Give b(w).
7
Let q = 27 + -31. Let h be ((-21)/(-6))/(q/8). Let r(p) = -p**3 - 7*p**2 - p - 6. What is r(h)?
1
Let i(c) be the second derivative of -1/6*c**3 + 0 - 1/2*c**2 + 7*c. Let l(z) = z**3 + 8*z**2 + 6*z - 1. Let a be l(-7). Give i(a).
-7
Let r(x) = -9*x**2 - 4*x + 11. Let h(l) = 11*l**2 + 3*l - 12. Let f(z) = -5*h(z) - 6*r(z). Calculate f(7).
8
Let l(c) = -5*c + 7. Let o(d) = -4*d + 6. Let u(t) = -3*l(t) + 4*o(t). Let i be 3*(-3)/(-27)*1*18. Let a be -6 + 20/i + 1/(-3). Determine u(a).
6
Suppose 0*v = 13*v - 6*v. Let d(l) be the first derivative of 3/4*l**4 + 0*l - 1/3*l**3 - 8 + v*l**2. Calculate d(1).
2
Let d(a) = 5*a - 6. Let i = 493 + -490. Give d(i).
9
Let p(n) = 2*n**3 - 8*n**2 + 11*n - 1. Let b be p(5). Let s = -99 + b. Let g(t) = t**3 - 6*t**2 + 5*t + 7. Give g(s).
7
Let k(g) = -g**2 + 11*g - 6. Let f be k(10). Let b = f + -2. Let v(n) = -2*n**b - n + 2*n**2 - n**3 + 2. What is v(0)?
2
Let t(q) be the second derivative of q**5/120 - q**4/12 - q**3/6 - q**2 + q + 12. Let z(x) be the second derivative of t(x). Calculate z(-1).
-3
Let s be 3/(-2)*(-19)/57*10. Let i(z) be the second derivative of -z**5/20 + z**4/2 - 7*z**3/6 + 7*z**2/2 + 22*z. Calculate i(s).
-3
Let t = 2 + -4. Let j(o) = -4*o - 12. Let q be j(t). Let u(b) = -2*b - 6. Determine u(q).
2
Let h(g) = g - 9. Let i(r) = -40*r + 236. Let t be i(6). Give h(t).
-13
Let o(l) be the first derivative of l**3/6 - 3*l - 1. Let j(n) be the first derivative of o(n). Suppose 2 = -4*c - 10. What is j(c)?
-3
Let w(o) = 4*o**2 + o - 2. Let h = 168 + -170. Give w(h).
12
Suppose 3*x - 18 = -3*x. Suppose -x*i - 15 = 0, -u - u + 2*i = -16. Let j(w) = w**3 - 5*w**2 + w - 3. Determine j(u).
-18
Let i(g) = -3*g - 40 - g + 38. Suppose -5*h = -8*h - 9. Give i(h).
10
Let w(l) = -l**3 + 8*l**2 - 7*l + 6. Let f = -8 - -13. Let g = 9 - f. Suppose -3*k + g*r + 37 = -0*r, 5*r + 27 = k. What is w(k)?
6
Let u(n) be the third derivative of 0 - 7/24*n**4 + 1/3*n**3 + 1/60*n**5 - n**2 + 0*n. Let f = -3302 + 3307. Determine u(f).
-8
Let v = -2374 + 2364. Let k(q) be the second derivative of -q**5/20 - 11*q**4/12 - 2*q**3 - 7*q**2 - q. What is k(v)?
6
Let l = 32 + -31. Let j(f) = -f**2 + 1. Let w(s) = 4*s**2 + 6*s - 5. Let b(q) = l*w(q) + 5*j(q). Let a = 25 + -18. Give b(a).
-7
Let x = -190 + 212. Let m(q) = q**3 - 22*q**2 - 2*q + 50. Determine m(x).
6
Let k(h) be the first derivative of -2*h**2 - 54*h - 234. What is k(-13)?
-2
Let j(f) be the third derivative of f**5/60 - f**4/24 - f**3/6 + 239*f**2. Calculate j(4).
11
Let m(b) = -29*b - 40*b - 19 + 59*b. Let u(o) = -7*o - 13. Let p(k) = -5*m(k) + 7*u(k). Determine p(-5).
-1
Let d(q) = q. Let t = -32 - -36. Suppose 4*p - 6 = -5*c, -3*p + t*p - 5 = -3*c. Calculate d(c).
2
Let s(v) = -v**3 - 1. Let t be s(0). Let k(a) be the third derivative of 0*a**3 + 2/15*a**5 + 0 - 1/24*a**4 + 0*a + a**2. Calculate k(t).
9
Let b = -46 - -42. Let k be b/(-6)*(-11 - -17). Let a(l) = l + 1. Determine a(k).
5
Let h(r) be the first derivative of -r**3/3 + 5*r**2/2 + 3*r - 1. Suppose -704*k - 36 = -713*k. Determine h(k).
7
Let s(p) be the second derivative of 1/6*p**3 - 1/2*p**2 + 4*p + 0. Let o(t) = t**2 + 8*t + 4. Let z be o(-8). Give s(z).
3
Let z(f) = -7*f**2 + 2*f - 6. Let r(h) be the second derivative of -5*h**4/3 + h**3 - 17*h**2/2 - 19*h. Let m(g) = 6*r(g) - 17*z(g). What is m(-2)?
-8
Let n = 5 + -3. Suppose 2*j - 35 = -5*j. Let p(d) = -3*d**n + 5*d + d**3 + 3 - j - 2*d. Calculate p(2).
0
Let l(v) = 5*v + 6. Let f(p) = 2*p - 4. Let d be f(3). Suppose -d*q + q = -3. Suppose -20 = 5*b - w + 2*w, 0 = q*b + 4*w + 12. Give l(b).
-14
Let t(o) = o + 2. Suppose z = -4*f, -z = -0*f - f - 5. Suppose 0 = 4*a - z*p + 6*p + 32, 0 = a + 5*p - 1. Let n = a + 12. Determine t(n).
5
Let h(t) = -t**3 + 3*t**2 - 2. Let s be 9/2*(-5 + 7). Suppose 0*j - 19 = 3*a - j, 0 = -5*a - j - 37. Let n = a + s. Give h(n).
2
Let u(d) = 7 + 7 - 46*d**3 - 3 + 5*d + 25*d**3 - 7*d**2 + 22*d**3. Give u(5).
-14
Let n = 24 - 25. Let b be (9/6)/(n/(-2)). Suppose b*u = 4*s + 32, 3*u - 19 - 8 = 3*s. Let f(p) = -p**3 + 3*p**2 + 2*p + 4. Calculate f(u).
-4
Suppose -2*t + 8 = -6*t. Let j(g) = -5*g**2 - 2*g - 1. Give j(t).
-17
Let j = 21 + 3. Suppose t - 4*u = 6, 2*t = -2*t + 5*u + j. Let a(p) = p**2 - 8*p + 8. Let v be a(t). Let x(z) = 2*z**2 + 5*z - 4. Calculate x(v).
8
Suppose 0 = 4*o + 3*q + q + 16, 4*q + 22 = 2*o. Let v(b) = -9*b + 1. Let l(p) = -1. Suppose -5*g - 3 = -8. Let z(t) = g*v(t) + 2*l(t). What is z(o)?
-10
Let d(p) be the second derivative of p**5/20 + p**4/3 - 4*p**3/3 - 3*p**2 - 375*p. Calculate d(-6).
-30
Suppose -2*w - v - 27 = -5, 3*w = 2*v - 47. Let f(p) = -p**2 - 14*p - 5. What is f(w)?
8
Let r(l) = 0*l - 2*l + 2 + 4 - 3. Sup